(-4)/(-16) - s/4. Let z = 47 - p. What is the tens digit of z?
6
Let s(j) = -3*j**2 - 2*j + 3. Let l be s(-4). Let c = -17 - l. Suppose -w + 5*d + c = 0, -2*d + 6 - 4 = 0. What is the tens digit of w?
2
Let s(j) = -j**3 - j**2 + 2*j. Let q be s(1). Suppose 5*i + r = -5, i - 3*i - 2*r - 2 = q. Let u(m) = -34*m. What is the tens digit of u(i)?
3
Suppose -3*d + 2*q + 344 + 789 = 0, d - 367 = -2*q. What is the hundreds digit of d?
3
Suppose 3*b = 4*v + 5253, 3*v = 5*b - 3*b - 3502. What is the hundreds digit of b?
7
Let n(d) = 43*d**2 + 13*d - 2. What is the tens digit of n(-4)?
3
Suppose 35529 = -38*y + 169099. What is the units digit of y?
5
Let y(o) be the third derivative of o**6/180 + o**5/40 - o**4/8 - 2*o**3/3 + 4*o**2. Let l(n) be the first derivative of y(n). What is the units digit of l(-3)?
6
Let v = 7 - 27. Let h be (-2)/(-4) + (-70)/v. Suppose -5*t = 3*r + r - 233, 0 = -h*t + 20. What is the units digit of r?
2
Let l = -853 + 3526. What is the hundreds digit of l?
6
Let y(l) = -l**2 + 32*l - 4. What is the hundreds digit of y(27)?
1
Suppose -3*g = -5*q + 32, -2*q + 2*g - 4 = 5*g. Suppose -h + 10 = q*h. Suppose -7*p + h*p = -30. What is the units digit of p?
6
Suppose -33*i + 34514 = -34060. What is the thousands digit of i?
2
Suppose 4*k + 16 = 0, -z = 4*k - 5*k - 1007. What is the tens digit of z?
0
Let i(r) = -r**2 - 2*r + 63. Let s be i(7). Suppose 5*d = -4*w + 928, -5*w - 2*d = -s*d - 1177. What is the tens digit of w?
3
Suppose -2*g - 8 = -6*g. Suppose -4 = -3*z + 2, -2*h + g*z + 8 = 0. What is the tens digit of 24 - h*2/(-4)?
2
Let v(b) = -2*b**2 + 11*b + 11. Let w be v(6). What is the tens digit of -56*(-3 + w - 4)?
1
Suppose 9*h - 40415 = -3164. What is the hundreds digit of h?
1
Let z = -7248 - -10985. What is the tens digit of z?
3
Suppose -4*c + 34 = -c + 5*a, 0 = c + a - 8. Let s be c + 3 + (-4 - 2). Suppose l + s*l = 5*r - 20, l - 5 = 0. What is the units digit of r?
5
Let g(i) = -i - 3. Let v(n) = n**2 + 5*n - 3. Let c be v(-4). Let s be g(c). Suppose s*a + 5 - 41 = 0. What is the units digit of a?
9
Let v(y) = y**2 + 7*y + 16. Let q(m) = m**3 + 10*m**2 + 8*m - 2. Let c be q(-9). Let a be v(c). Let x = -77 + a. What is the units digit of x?
7
Let z = 39 - 80. Let c = z + 95. What is the tens digit of c?
5
Suppose 15*m = 7*m - 1552. Let s = 351 + m. What is the units digit of s?
7
Let i be -2 - (2 + -1 - (-33)/(-1)). Let s = i + 6. What is the units digit of s?
6
Suppose 0*x - 4*x = -g + 13, 21 = 5*g + 2*x. Suppose g*f - 5*q - 90 = 0, f - 17 = q + q. What is the tens digit of f?
1
Let r = -80 - -33. Let v = 14 - r. Suppose v = l + 13. What is the units digit of l?
8
Let u(d) = 79*d + 70. What is the hundreds digit of u(35)?
8
Let w(x) = 37*x + 20. Suppose -1 + 37 = 9*u. What is the units digit of w(u)?
8
Let s = -98 - -103. Suppose s*i - 920 - 265 = 0. What is the tens digit of i?
3
Let o(t) = t**2 - 3*t + 2. Let w be o(4). Let h(j) = j**3 - 3*j**2 - 10*j - 1. What is the units digit of h(w)?
7
Suppose 3*d + 190 = 880. What is the units digit of d?
0
Let u = 495 - 279. What is the tens digit of u?
1
Let o(t) be the second derivative of -t**4/12 - t**3/6 + 9*t**2 - 14*t. Let u be o(-8). Let c = u - -52. What is the tens digit of c?
1
What is the hundreds digit of (-73)/((-6)/(-9) + 581/(-840))?
9
Let k(i) = 5 - 5*i + 10*i**2 - 2*i + 5*i + 5*i. What is the tens digit of k(-3)?
8
Let x(d) be the second derivative of d**5/20 - 3*d**4/4 + 3*d**3/2 - 7*d**2/2 - 5*d. Let t be x(8). Let m(z) = 30*z**2 - z + 1. What is the tens digit of m(t)?
3
Let q(g) = g**2 + 18*g + 20. Let w be q(-17). Suppose -5*d + k + k = -304, -5*k = w*d - 201. What is the tens digit of d?
6
Suppose -5*f + 278 = 4*w, -4*f + 3*w + 150 + 91 = 0. Let s = 185 - f. What is the hundreds digit of s?
1
Suppose -92 = -6*t - 8. Let f = -3 + t. What is the tens digit of f?
1
Suppose j - 3*j = 0. Let r be (-6 + 30/4)/((-2)/(-4)). Suppose k - r*k = -z - 6, j = -5*z - 10. What is the units digit of k?
2
Let p = -20 + 25. Let g(a) = 2*a**2 - 6*a + 5. What is the units digit of g(p)?
5
Let v = 22 - 19. Suppose -215 = -v*a + 184. What is the hundreds digit of a?
1
Let u = -406 - -793. What is the hundreds digit of u?
3
Let a(j) = -65*j + 195. Let s be a(3). Suppose 3*m - 4*m = -28. What is the tens digit of (-5)/((-4)/m - s)?
3
Suppose -6*q + 3*q - 3 = 0. Suppose -s = -2*r, -s + 21 = -0*s + 5*r. Let u = s + q. What is the units digit of u?
5
Let u be 368/40 - 2/10. Suppose 4*y - 22 = p, -4*p - 7 = -4*y + u. Suppose 4*j - 2*g = 66, -j + 9 = 3*g - y*g. What is the units digit of j?
8
Let d = 104 + 478. What is the hundreds digit of d?
5
Suppose -3*n + 886 = -239. What is the units digit of n?
5
Suppose -6*s - 9304 = -10*s. What is the hundreds digit of s?
3
Suppose 4*n = -4*j + 5312, -5*n + 6663 = -3*j + 47. What is the thousands digit of n?
1
Let f = -15 + 25. Let r(h) be the second derivative of h**4/6 - 13*h**3/6 - 4*h**2 - 5*h + 3. What is the units digit of r(f)?
2
Suppose 3*c - 8*c + 5*v + 75 = 0, -5*c + 59 = -v. Suppose 7*x - c*x = 4. What is the units digit of ((-34)/x)/((-6)/(-3))?
7
Let g(z) = -3*z**2 + 54*z + 10. Let h(o) = 2*o**2 - 36*o - 7. Let l(m) = -5*g(m) - 7*h(m). What is the tens digit of l(21)?
6
Suppose -10*x + 1228 = -8*x. What is the hundreds digit of x?
6
What is the hundreds digit of ((6 - 2)/(-4) - -708) + -6?
7
Suppose -4*o - 3 = -19. Let f be 1 - (0/o)/4. Suppose 5*z + j - f = 42, -4*z = -2*j - 26. What is the units digit of z?
8
Suppose -q + 4*b - 6*b = -1, 3*q + 11 = b. Let v be 68/12*q/(-1). Suppose 18*s - 51 = v*s. What is the tens digit of s?
5
Let s be (-4606)/(-10) - (-2)/5. Suppose -6*w - 107 + s = 0. What is the tens digit of w?
5
Let b(n) = -n + 2*n + 10 - 9*n + 6*n. Suppose 0*w = 2*w + 14. What is the units digit of b(w)?
4
Let s(l) = -l + 29. Let k be s(11). Suppose 0 = -k*c + 17*c + 98. What is the tens digit of c?
9
Suppose q - 14 = -3*y - 3*q, -2*y - 6 = -5*q. Let p = -10 + 16. Let c = p - y. What is the units digit of c?
4
Let r be (-5)/40 - (-951)/(-8). Let d = -25 - r. What is the tens digit of d?
9
Let s be 9/(65/(-10) + 8). Suppose f = -o - 40, 0*o - 5*f = -2*o - 80. Let h = s - o. What is the units digit of h?
6
Suppose 16*g = -g + 12121. What is the hundreds digit of g?
7
Let l(b) = -23*b - 193. What is the hundreds digit of l(-31)?
5
Suppose 2 = -12*i + 10*i. Let w(p) = p. Let t be w(i). What is the units digit of (-2)/((-49)/(-51) + t)?
1
Suppose 7*j + 19 - 12 = 0. Let v = 163 - j. What is the units digit of v?
4
Let c = -1300 + 2903. What is the thousands digit of c?
1
Let m(h) be the second derivative of 5*h**4/12 + 2*h**3/3 - 11*h**2/2 - 8*h. What is the tens digit of m(3)?
4
Let i = 7 + -9. Let c be (i + 2)/3 - 0. Suppose 2*j - 9 - 55 = c. What is the tens digit of j?
3
Let u = 30 - 6. Let n = 4 - -3. Suppose -4*s - u = -n*s. What is the units digit of s?
8
What is the thousands digit of (-21598)/(-10) - 37/(-185)?
2
What is the hundreds digit of 11044/14 + (44/14 - 3)?
7
Suppose 4*n = -2*d - 16, 4*n + 4*d + 14 = 3*d. Let j(i) = 5*i**2 - 3*i + 3. Let w be j(n). Let h = 86 - w. What is the tens digit of h?
2
Suppose -b - 2*j = -8, 3*b - 12 - 56 = 5*j. What is the units digit of (-555)/(-24) + (-2)/b?
3
Let d(z) = 2*z**2 - 12*z + 33. Suppose 4*l = -o + 15, 0*l - l = -o + 10. What is the units digit of d(o)?
3
Suppose 4*j - 12 - 28 = 0. Suppose -1 + 4 = -z - 4*s, 4*z = -5*s + j. Suppose -12 - 43 = -z*o. What is the units digit of o?
1
What is the hundreds digit of (-17691)/(-51) + 18/153?
3
Suppose 0 = -5*f + d + 1376, -3*d + 3 = -9. Suppose f = 2*q - 106. What is the hundreds digit of q?
1
Let l = -107 - 10. Let z = -205 - l. Let h = -60 - z. What is the units digit of h?
8
Let c = 405 + -27. Suppose -3*f + c = -p, -2*p + 372 = 3*f - p. What is the units digit of f?
5
What is the hundreds digit of 678 + (9/24 - 3/8)?
6
Suppose 5*y = 5, -4*y = i - 4*i + 11. Suppose -4*u - 97 - 220 = -i*g, -u = -g + 64. What is the units digit of g?
1
Let z(m) = -4*m**2 + 2. Let v be z(2). What is the hundreds digit of 7/v + ((-2190)/4)/(-5)?
1
Suppose 3*n + n = 8. Suppose 3*b = 4*b + n. What is the tens digit of (0 + b)/(3/(-21))?
1
Suppose -8 + 32 = 12*w. Suppose w*t - 672 = 2*o, -398 = -2*t - 2*o + 274. What is the tens digit of t?
